ber?
False
Is 70826146 a prime number?
False
Is 17556373 a composite number?
False
Is 1143433 a prime number?
True
Is 4449787 a composite number?
True
Is 204623 prime?
True
Is 2710891 composite?
True
Is 283481 a composite number?
True
Is 68393 a composite number?
True
Is 25538041 a composite number?
True
Is 25318309 composite?
False
Is 257112277 composite?
False
Is 28806699 composite?
True
Is 556679 a prime number?
True
Is 1590929 composite?
True
Is 234143537 a prime number?
True
Is 2530529 a prime number?
False
Is 63381271 a prime number?
True
Is 43695577 prime?
False
Is 48089963 a composite number?
False
Is 29345551 a composite number?
True
Is 46172521 composite?
True
Is 15943243 a composite number?
True
Is 19741123 composite?
True
Is 38510299 composite?
False
Is 166923011 a prime number?
True
Is 16462441 a composite number?
False
Is 52483433 a composite number?
True
Is 15001781 a composite number?
False
Is 519677 a composite number?
True
Is 41057143 a prime number?
False
Is 306000623 a composite number?
False
Is 113793761 a prime number?
True
Is 8396671 composite?
True
Is 7484621 prime?
False
Is 140109511 prime?
True
Is 2216743 a composite number?
False
Is 7022591 a composite number?
False
Is 77497649 composite?
True
Is 1011069031 a prime number?
False
Is 40310363 composite?
True
Is 57463697 a prime number?
True
Is 103488331 a prime number?
True
Is 219577 a prime number?
True
Is 16115867 composite?
False
Is 10192513 a prime number?
True
Is 9808109 prime?
True
Is 50216449 a prime number?
False
Is 6389683 composite?
False
Is 48926093 a composite number?
True
Is 32187689 composite?
False
Is 2086323 a prime number?
False
Is 1858207 a composite number?
True
Is 317283613 a composite number?
False
Is 3727903 a composite number?
False
Is 999643 a composite number?
True
Is 1024103 a prime number?
True
Is 89849 composite?
False
Is 175831 composite?
True
Is 3438041 a prime number?
True
Is 5393317 a composite number?
False
Is 7908623 prime?
True
Is 649739 a composite number?
False
Is 24758191 prime?
True
Is 13582589 a composite number?
True
Is 22343129 prime?
True
Is 196502699 composite?
True
Is 212353 prime?
True
Is 20370685 a composite number?
True
Is 1039 a composite number?
False
Is 3384685 composite?
True
Is 3470353 a prime number?
True
Is 28503089 prime?
True
Is 3130861 a composite number?
True
Is 230717 composite?
True
Is 3991867 a composite number?
True
Is 35662589 prime?
True
Is 14693717 composite?
False
Is 18033757 prime?
False
Is 19531 a prime number?
True
Is 2375531 composite?
True
Is 2123249 prime?
False
Is 6578003 a composite number?
False
Is 62884379 prime?
False
Is 182849 a prime number?
False
Is 101292839 prime?
False
Is 173386061 a composite number?
False
Is 218873 a composite number?
False
Is 102346789 a composite number?
False
Is 64165909 a composite number?
True
Is 133323557 a prime number?
True
Is 13349587 prime?
False
Is 5101471 prime?
True
Is 2492417 prime?
True
Is 2752877 prime?
True
Is 27658909 a prime number?
False
Is 125704057 prime?
False
Is 1616821 composite?
False
Is 5419493 composite?
False
Is 340774403 prime?
False
Is 6744401 a prime number?
False
Is 29803661 a prime number?
True
Is 17082469 a composite number?
True
Is 4851617 a composite number?
False
Is 6420959 a composite number?
False
Is 28255331 a prime number?
False
Is 482329 composite?
True
Is 80030323 composite?
False
Is 4542191 a composite number?
False
Is 3917537 a composite number?
True
Is 5773541 composite?
False
Is 455349 prime?
False
Is 82742633 prime?
False
Is 9498817 prime?
True
Is 1482049 prime?
True
Is 3081783 a composite number?
True
Is 67681733 prime?
False
Is 14127161 a prime number?
True
Is 42421933 a prime number?
True
Is 63469955 composite?
True
Is 45203 composite?
True
Is 7159781 a prime number?
False
Is 5658997 composite?
False
Is 14751181 a prime number?
True
Is 35656111 prime?
False
Is 4248611 composite?
False
Is 23615663 a prime number?
True
Is 9376243 composite?
True
Is 98369 a composite number?
False
Is 9315706 a prime number?
False
Is 21686029 composite?
True
Is 5300761 a prime number?
True
Is 72929683 composite?
True
Is 16924195 a composite number?
True
Is 6647995 a prime number?
False
Is 5472626 a composite number?
True
Is 1929955789 a prime number?
True
Is 101964883 a composite number?
False
Is 16765063 prime?
False
Is 194659121 a composite number?
True
Is 1245037 a prime number?
True
Is 721437 a composite number?
True
Is 53361183 composite?
True
Is 2869297 composite?
False
Is 1180829749 a prime number?
False
Is 2180281 composite?
False
Is 8202527 a prime number?
False
Is 118221221 composite?
False
Is 75269815 composite?
True
Is 87932063 a composite number?
False
Is 18135137 prime?
True
Is 1478249 a composite number?
True
Is 144026203 prime?
True
Is 16004207 a prime number?
True
Is 10410095 a prime number?
False
Is 406124717 a composite number?
False
Is 26989649 a prime number?
False
Is 2628281 prime?
False
Is 9332747 composite?
False
Is 1565323 a prime number?
True
Is 43069841 a composite number?
False
Is 57919 composite?
True
Is 26010521 composite?
False
Is 13197841 a prime number?
True
Is 351887 a composite number?
False
Is 135200803 a prime number?
True
Is 38301479 prime?
False
Is 16865617 prime?
False
Is 1531643 composite?
True
Is 32304359 a prime number?
True
Is 14162989 a composite number?
True
Is 445729423 prime?
False
Is 215841727 composite?
False
Is 198893 a composite number?
True
Is 18991517 prime?
True
Is 13708081 a prime number?
True
Is 57347 prime?
True
Is 779235139 prime?
False
Is 242056733 a composite number?
False
Is 19430097 a composite number?
True
Is 24169823 a prime number?
True
Is 13469671 a composite number?
True
Is 13921163 a prime number?
True
Is 351899651 a composite number?
False
Is 141234721 prime?
False
Is 62273623 prime?
False
Is 365899 a prime number?
False
Is 5130709 prime?
False
Is 125017 prime?
True
Is 862973 composite?
False
Is 11333461 a prime number?
False
Is 97132907 a composite number?
False
Is 2189762 composite?
True
Is 2180517 prime?
False
Is 4738081 composite?
True
Is 724401659 composite?
False
Is 664289 prime?
True
Is 318667 a composite number?
True
Is 26671493 composite?
False
Is 1475231 prime?
False
Is 3983813 a composite number?
True
Is 27105002 prime?
False
Is 10981367 prime?
False
Is 4727171 prime?
True
Is 4108663 composite?
True
Is 11123207 a composite number?
True
Is 9615451 prime?
False
Is 4395107 prime?
False
Is 91806181 a composite number?
True
Is 12560069 a composite number?
False
Is 80660071 a prime number?
True
Is 66276841 prime?
True
Is 8807891 composite?
True
Is 150726827 a prime number?
True
Is 103126531 a prime number?
True
Is 109015705 a composite number?
True
Is 23402602 composite?
True
Is 1251631 prime?
False
Is 11502167 a prime number?
True
Is 17694969 a prime number?
False
Is 29230393 a composite number?
False
Is 1587067 prime?
True
Is 37729301 a prime number?
True
Is 12598 a prime number?
False
Is 138220411 a composite number?
True
Is 779783 a composite number?
True
Is 3730171 composite?
False
Is 845539 prime?
False
Is 17366379 composite?
True
Is 74346439 a composite number?
True
Is 48071263 prime?
False
Is 2235997 prime?
True
Is 2134157 composite?
False
Is 401825857 composite?
False
Is 9988327 a composite number?
True
Is 229023019 composite?
False
Is 413919529 a prime number?
True
Is 2042201 a prime number?
False
Is 94348937 a prime number?
False
Is 418934291 a prime number?
True
Is 1634099 prime?
True
Is 188351 prime?
True
Is 192574609 prime?
True
Is 36946391 a prime number?
True
Is 15424351 a prime number?
True
Is 10935541 prime?
True
Is 23843243 composite?
True
Is 426586907 a composite number?
False
Is 30574859 a prime number?
False
Is 214723 a composite number?
False
Is 127074977 composite?
True
Is 18592247 composite?
False
Is 79945163 a composite number?
False
Is 1213867 prime?
False
Is 5282821 composite?
False
Is 85837 prime?
True
Is 10201769 a composite number?
False
Is 36705731 a composite number?
True
Is 206400209 a composite number?
False
Is 1060391 a composite number?
False
Is 253665149 composite?
True
Is 20246591 prime?
True
Is 32053249 a prime number?
True
Is 8641849 a prime number?
False
Is 36606049 prime?
False
Is 236389 composite?
True
Is 2320627 a 